47. Determine k(-7).
-8
Let o(f) = -258*f + 4133. Calculate o(16).
5
Let y(v) = v**2 - 434*v + 11739. Determine y(29).
-6
Let h(o) = 88*o**2 + 19*o + 20. Give h(-1).
89
Let i(m) = -2764*m - 16585. Give i(-6).
-1
Let f(w) = 52*w + 1421. Calculate f(-23).
225
Let w(h) = h**3 + 97*h**2 - 1553*h + 98. Give w(-111).
-13
Let u(r) = -r**2 - 9*r + 2. Give u(-4).
22
Let w(j) = -j**3 - 19*j**2 + 19*j + 72. Give w(-19).
-289
Let k(a) = -51*a - 3517. What is k(-69)?
2
Let c(i) = -8*i + 206. Calculate c(62).
-290
Let d(f) = 4*f**2 - 192*f + 121. Give d(49).
317
Let v(x) = 2*x**2 - 33*x + 55. Calculate v(18).
109
Let c(b) = -b**3 + 9*b**2 - 20*b + 22. Determine c(2).
10
Let j(l) = -5*l**2 - 32*l + 11. Calculate j(-9).
-106
Let p(y) = 5*y**2 - 124*y - 137. Give p(26).
19
Let n(g) = -g**3 - 158*g**2 - 766*g - 141. What is n(-153)?
12
Let y(f) = -7*f**3 + 4*f**2 - 9*f - 2. Give y(3).
-182
Let m(f) = 101*f + 293. Calculate m(-3).
-10
Let t(s) = -17*s**2 + 148*s + 36. Calculate t(9).
-9
Let a(l) = -7913*l + 55386. Give a(7).
-5
Let y(w) = 9*w + 218. Determine y(-23).
11
Let m(o) = 5*o**2 - 6*o + 12. Give m(0).
12
Let a(t) = -t**2 + 151*t - 2038. Give a(136).
2
Let k(b) = b**2 + 43*b + 7. Determine k(-31).
-365
Let t(g) = -31*g - 776. What is t(-11)?
-435
Let r(i) = 20*i**2 - 29*i - 99. Calculate r(3).
-6
Let s(m) = -144*m - 2306. What is s(-16)?
-2
Let i(l) = -4*l**2 + 33*l + 22. Calculate i(9).
-5
Let g(n) = 8*n**2 + 123*n + 417. Calculate g(-10).
-13
Let c(d) = -39*d - 744. What is c(-19)?
-3
Let v(x) = 3*x**2 + 238*x + 263. Calculate v(-78).
-49
Let k(l) = -130*l + 954. What is k(13)?
-736
Let v(f) = 2*f**2 + 23*f - 98. Calculate v(-25).
577
Let j(y) = -14*y**2 - 9*y - 17. Determine j(-4).
-205
Let a(x) = 223*x - 12205. Determine a(55).
60
Let d(q) = -64*q**2 - 902*q - 14. Determine d(-14).
70
Let d(p) = p**3 - p**2 - p + 79. What is d(0)?
79
Let j(x) = -x**3 - 46*x**2 + 314*x + 2. Give j(6).
14
Let q(n) = -46*n**2 + 1702*n + 37. Calculate q(37).
37
Let x(o) = -o**3 + 2*o**2 + 11*o - 59. Give x(0).
-59
Let x(k) = 22*k + 164. Calculate x(-14).
-144
Let o(f) = -2*f**2 + 98*f - 133. What is o(48)?
-37
Let i(p) = -92*p**2 - 555*p - 8. Give i(-6).
10
Let g(u) = 3919*u - 27441. What is g(7)?
-8
Let s(c) = -c**2 + 270*c - 1571. Calculate s(6).
13
Let m(d) = d + 66. Determine m(-26).
40
Let q(b) = -6*b + 218. Determine q(27).
56
Let x(y) = y**3 - 24*y**2 + 15*y + 13. Give x(23).
-171
Let b(h) = -2106*h + 10532. Calculate b(5).
2
Let f(o) = o**3 - 53*o**2 - 144*o + 10. Determine f(-3).
-62
Let c(y) = y**3 + 25*y**2 + 105*y + 44. Give c(-20).
-56
Let g(y) = -625*y - 9996. What is g(-16)?
4
Let m(t) = 9*t**2 - 16*t - 1. What is m(2)?
3
Let w(u) = -8*u**2 + 14*u + 1. What is w(-4)?
-183
Let k(i) = -2*i**3 - 18*i**2 + 22*i + 15. Calculate k(-10).
-5
Let m(k) = 177*k**3 - 3*k**2. Calculate m(-1).
-180
Let r(g) = -g**2 - 15*g + 71. Give r(-23).
-113
Let f(z) = -z**3 - 4*z**2 + 59*z + 296. Calculate f(-6).
14
Let t(s) = -2*s**2 - 206*s + 1304. Give t(6).
-4
Let w(u) = 649*u + 1299. Give w(-2).
1
Let z(o) = -10*o + 237. Determine z(27).
-33
Let a(f) = 7*f**3 + 29*f**2 + 83*f + 28. What is a(-3)?
-149
Let g(c) = -c**2 + 124*c + 3377. Calculate g(-23).
-4
Let t(p) = -3*p**2 - 43*p - 276. Give t(-7).
-122
Let t(h) = -2*h**3 + 11*h**2 + 48*h - 9. Calculate t(8).
55
Let b(d) = d**3 - d**2 + 12*d - 12. What is b(1)?
0
Let d(y) = -7*y + 77. Calculate d(11).
0
Let g(k) = 40*k + 5508. Determine g(-137).
28
Let j(w) = w**3 + 15*w**2 - 217*w - 2966. Calculate j(-18).
-32
Let o(j) = 2*j**2 - 46*j + 147. What is o(19)?
-5
Let b(o) = -2*o**2 - 71*o - 389. Determine b(-30).
-59
Let u(z) = -z**3 + 70*z**2 - 1228*z + 735. What is u(39)?
-6
Let k(m) = -2*m**3 - 216*m**2 + 5*m + 515. Give k(-108).
-25
Let f(n) = 5*n**2 + 33*n + 31. Calculate f(-11).
273
Let t(f) = f**3 - 13*f**2 + 21*f + 1. Calculate t(11).
-10
Let b(c) = c**3 - 4*c**2 + 19*c - 51. What is b(3)?
-3
Let h(b) = -56*b - 511. Determine h(-5).
-231
Let d(a) = 9*a**2 - 348*a + 346. Calculate d(1).
7
Let r(h) = -h**3 - 15*h**2 + 77*h - 62. Determine r(-19).
-81
Let n(x) = 248*x + 991. What is n(-5)?
-249
Let j(s) = s**2 + 28*s + 23. Determine j(-24).
-73
Let v(u) = -44*u**2 + 3*u + 6. Calculate v(-1).
-41
Let j(h) = 20*h + 363. Give j(-19).
-17
Let x(a) = a**2 + 57*a + 673. Calculate x(-18).
-29
Let t(c) = -352*c**2 + 1049*c. What is t(3)?
-21
Let r(v) = 30*v + 434. What is r(-15)?
-16
Let v(g) = 89*g - 712. Give v(8).
0
Let v(i) = 102*i + 3368. Give v(-33).
2
Let l(v) = 573*v - 10886. Give l(19).
1
Let r(q) = -50*q**3 + 2646*q**2 + 213*q - 77. Determine r(53).
-24
Let r(y) = -3*y**3 + 27*y**2 + 58*y - 284. What is r(10)?
-4
Let x(g) = 654*g + 2573. Calculate x(-4).
-43
Let k(p) = p**3 + 18*p**2 + 27*p + 134. Calculate k(-17).
-36
Let y(r) = -r**3 + 49*r**2 - 41*r - 318. Determine y(48).
18
Let k(w) = w**3 + 25*w**2 + 106*w + 50. Calculate k(-17).
560
Let q(o) = -o**2 - 212*o + 1086. Calculate q(5).
1
Let m(x) = 7*x**3 - 376*x**2 + 628*x - 212. Calculate m(52).
-4
Let o(n) = -n**2 - 61*n - 378. Give o(-38).
496
Let t(v) = 2*v**3 + 12*v**2 + 13*v + 4. Give t(-8).
-356
Let o(d) = 28*d**2 + 11*d + 9. What is o(-1)?
26
Let c(g) = 31*g + 270. Give c(-8).
22
Let s(y) = -1352*y + 8120. Calculate s(6).
8
Let q(i) = i**3 + 8*i**2 + 11*i - 18. What is q(-5)?
2
Let u(k) = -k**2 - 87*k - 1876. Give u(-39).
-4
Let s(d) = -31*d + 417. What is s(13)?
14
Let g(b) = 330*b - 2388. Give g(9).
582
Let n(b) = -b**3 - 6*b**2 + 9*b + 10. Determine n(-5).
-60
Let u(t) = -t**3 - 13*t**2 - 43*t - 65. Determine u(-8).
-41
Let a(i) = -105*i + 461. What is a(4)?
41
Let c(i) = -3*i**2 + 142*i + 721. Give c(52).
-7
Let h(j) = -j**3 + 353*j**2 + 689*j + 7459. Give h(355).
4
Let g(w) = 2*w**3 + 32*w**2 - 102*w - 33. Give g(3).
3
Let s(v) = v**2 - 105*v - 83380. Determine s(-241).
6
Let q(n) = -16*n**3 - 9*n - 14. Give q(-2).
132
Let l(g) = -g**3 + 10*g**2 + 11*g + 13. Give l(8).
229
Let q(y) = 3*y**2 - 171*y + 2213. Determine q(37).
-7
Let t(c) = -8*c**2 - 1190*c - 878. Determine t(-148).
10
Let r(h) = h**2 - 18*h - 402. Calculate r(-14).
46
Let n(z) = 830*z - 3320. Calculate n(4).
0
Let m(q) = -3*q**2 - 147*q - 28. Calculate m(-49).
-28
Let b(w) = -6*w**3 - 160*w**2 + 56*w + 40. Determine b(-27).
-14
Let r(k) = -7*k**2 - 158*k - 27. Determine r(-20).
333
Let s(w) = -2*w**2 - 155*w + 790. Calculate s(5).
-35
Let n(t) = -639*t - 114. Calculate n(-1).
525
Let b(t) = -177*t**2 - 1595*t - 13. What is b(-9)?
5
Let w(z) = -z**2 - 12*z - 23. Calculate w(-16).
-87
Let x(a) = -38*a - 3218. Calculate x(-80).
-178
Let s(l) = 18*l**2 - 5*l - 59. What is s(6)?
559
Let d(n) = n**3 - 12*n**2 + 21*n - 76. What is d(10)?
-66
Let z(i) = 113*i + 5775. Give z(-51).
12
Let o(x) = 56*x - 211. Give o(3).
-43
Let i(m) = 8*m + 182. Calculate i(-17).
46
Let y(o) = 2*o**2 - 8*o - 47. What is y(-4)?
17
Let d(t) = 36*t + 24. Calculate d(4).
168
Let u(b) = -63*b + 139. Give u(9).
-428
Let j(l) = l**3 - 9*l**2 - 23*l + 205. Give j(8).
-43
Let c(b) = 3*b**3 + 5*b**2 + b + 5. Determine c(-2).
-1
Let i(x) = -7*x**2 + 83*x - 8. Determine i(13).
-112
Let u(l) = -7*l**2 - 574*l - 573. Determine u(-81).
-6
Let h(t) = t**2 - 18*t + 75. Determine h(6).
3
Let l(y) = -y**3 + 8*y**2 - 7*y - 15. Give l(6).
15
Let k(f) = -8*f - 232. What is k(-24)?
-40
Let u(y) = -215*y - 591. What is u(-3)?
54
Let a(q) = q**3 + 2*q**2 + 13*q + 72. Determine a(-5).
-68
Let r(x) = -x**2 - 3*x + 2. Determine r(5).
-38
Let g(j) = -3*j**2 - 74*j + 252. Determine g(3).
3
Let n(b) = -b**2 - 51*b - 76. Calculate n(-44).
232
Let o(w) = 14*w**2 + 716*w - 664. What is o(-52)?
-40
Let i(j) = -889*j - 8010. Calculate i(-9).
-9
Let w(s) = s**3 - 56*s**2 + 113*s - 272. Give w(54).
-2
Let p(x) = x**2 + 119*x - 11493. Determine p(-182).
-27
Let n(b) = -2*b**3 + 5*b**2 - 6*b + 82. Determine n(5).
-73
Let p(a) = 3*a**2 - 96*a + 100. Give p(31).
7
Let g(d) = -d**3 - 17*d**2 + 105*d - 48. Determine g(-22).
62
Let k(q) = -q**3 - 23*q**2 - 67*q + 45. Give k(-20).
185
Let f(i) = -123*i + 17. Calculate f(-3).
386
Let u(f) = 3*f**3 - 15*f**2 - 37*f + 140. What is u(6)?
26
Let u(n) = 6*n + 93. Calculate u(-24).
-51
Let s(t) = 24*t**3 + 106*t + 105. Give s(-1).
-25
Let f(v) = -48*v**2 + 12*v + 4. What is f(2)?
-164
Let n(p) = -3*p**3 - 35*p**2 - 5*p